**2/2 - v + 2. What is the tens digit of i(4)?
1
Let i = 2 + 3. Suppose 0 = 3*q + i*k + 4 + 8, -2*k - 10 = -4*q. What is the units digit of q?
1
Suppose -n + 4 = g, -3*n + 19 = -g + 5*g. Let i(z) be the second derivative of z**3/6 + z**2 + z. What is the units digit of i(g)?
9
Suppose -29 - 7 = -3*r. Suppose 4*v - 12 - r = 0. What is the units digit of v?
6
Let o be -3*-21*6/27. What is the units digit of 248/o - 4/(-14)?
8
Let l = 13 - -42. What is the units digit of l?
5
Suppose 0 = m + 4*m - 205. What is the units digit of m?
1
Suppose 4*x - 20 = 20. What is the units digit of x?
0
Suppose 7*f - 2*f = 0. Suppose f*u - 44 = -u. What is the units digit of u?
4
Let t be (-78)/(-21) - (-4)/14. Let a(g) = g**2 - 13*g + 17. Let n be a(12). Suppose -n*w + 26 = 4*d, -w + 6 = t. What is the units digit of d?
4
Suppose 0 = -3*p - 4 + 124. Suppose 42 - 162 = -3*b - 2*h, 5*h - p = -b. What is the units digit of (b/(-50))/((-2)/20)?
8
Let h be (4 - (-1 + 2)) + -2. What is the tens digit of (-5 - -3)*(-7)/h?
1
Let v be (-6)/3 - (2 - 3). What is the units digit of (4/(-10))/(v/15)?
6
Let q be 96/56 - (-4)/14. Suppose -q*o + 14 + 8 = 0. What is the tens digit of o?
1
What is the units digit of 2/10 - (-1047)/15?
0
Let n = 5 - 2. Suppose n*k = k + 10. Suppose -g = -2*y - 0*y + k, -3*y + 15 = 0. What is the units digit of g?
5
Let f(k) = k**3 + k**2 + 4. Let i be f(0). Suppose -3*q - 19 + 86 = t, -i*q + 5*t = -83. What is the units digit of q?
2
What is the units digit of -4 - (-2 + (1 - 4))?
1
Suppose 2 - 1 = i. What is the units digit of i?
1
Suppose 4*t - 4*u + 24 = 0, t = -4*t - 5*u + 20. What is the units digit of (t/((-1)/2))/2?
1
Let v = -30 + 31. What is the units digit of v?
1
Suppose -136 = -n - x, -8*n = -3*n - 2*x - 708. What is the units digit of n?
0
Let n(t) be the first derivative of 2*t**2 - 5*t + 7. What is the units digit of n(6)?
9
Let v be 2/(-10) - 22/(-10). Suppose -o - 5 = -v*o. What is the units digit of o?
5
What is the units digit of (-7004)/(-44) + 4 + 6/(-33)?
3
Let m(v) = -2*v**2 - v + 2. Let o be m(-2). What is the units digit of o/26 - 82/(-26)?
3
Let w(g) = g**2 - 5*g - 6. What is the units digit of w(11)?
0
Let s(l) = 2*l**2 - 3*l + 1. What is the tens digit of s(-3)?
2
Let p = -3 - -7. Suppose -p*t - 2*s + 84 = 0, 2*s - 22 + 71 = 3*t. What is the tens digit of t?
1
Let b = 14 - 22. Let o = b + 18. What is the units digit of o?
0
Suppose 4*j - 29 = -5. Suppose -5*q - 155 = -5*n, -n + q = -j*n + 149. Suppose n = -v + 3*v. What is the units digit of v?
5
Let o(i) = i**3 + 7*i**2 - 5*i + 6. Let h be o(-7). Let f = -14 + h. What is the units digit of f?
7
Suppose -2*u + 5 = -a - 0, 0 = -u - 5*a - 3. Suppose -5*p + u = -8. What is the units digit of p?
2
What is the units digit of (((-8)/6)/(-2))/(12/1818)?
1
Let g = -65 + 101. Suppose -3*m + g - 3 = 0. What is the units digit of m?
1
Suppose 2*i - 2*u = -12, 0 = -4*i + 5*u - 2*u - 23. What is the units digit of 2 + (9/3 - i)?
0
Let c = 8 - 5. Suppose -c = m + 4*s - 15, -4*s - 48 = -2*m. Suppose -y - 4*y = -m. What is the units digit of y?
4
What is the units digit of (-1 + -8)*(-5 - -1)?
6
Let v(s) = -s**3 + 5*s**2 - s + 6. Let m be v(5). Let l = m - 6. Let p = l - -10. What is the units digit of p?
5
Suppose 2*f + 34 = 3*n - 2*n, 0 = -n + 4*f + 32. What is the tens digit of n?
3
Suppose -w + 7 + 13 = 0. What is the units digit of w?
0
Suppose 5*u + 10 = 5*p, p - 5*u - 3 - 11 = 0. What is the tens digit of ((-76)/16)/(p/4)?
1
Let u be (-27)/(-3) - (-4)/1. Suppose -40 = -4*c - 2*k, 4*k + 3 + u = 0. What is the tens digit of c?
1
Let w(j) = -j**3 + j**2 + 1. Let g(a) = 4*a**3 - 8*a**2 - 8. Let s(n) = -g(n) - 3*w(n). Let r be s(5). Suppose r*y - 30 = 2*y. What is the tens digit of y?
1
Suppose 62*q - 65*q + 195 = 0. What is the units digit of q?
5
Let m be 4/(-6) + (-25)/3. Let t(s) = -s**2 - 11*s - 12. Let h be t(m). Let n = h + 11. What is the units digit of n?
7
Let j = 81 - 156. Let f be (8/(-10))/(6/j). Suppose b - f = -b. What is the units digit of b?
5
Suppose -13*d + 4*d + 2007 = 0. What is the units digit of d?
3
What is the tens digit of (3 - (-2 - -1))/((-88)/(-3916))?
7
Let x be (1/(-3))/(3/(-9)). Let u = x + -1. Let k = 1 - u. What is the units digit of k?
1
What is the units digit of (9 - 0)/((-10)/(-4) + -1)?
6
Suppose -56 + 12 = -4*r. Let v(d) = -r*d + 0*d - 5 - d**2 - 5. What is the units digit of v(-9)?
8
Suppose -4*x - 75 = 77. Let u = x - -68. What is the units digit of u?
0
Let p be 2 - (2 + -4 + 1). Suppose 0 = -3*w - 5*i + 1 + 47, -p*i = 5*w - 64. What is the tens digit of w?
1
Let a(f) be the first derivative of -2 + 6*f + 1/3*f**3 + 3*f**2. What is the units digit of a(-5)?
1
Let j(x) = -x**2 - x + 18. What is the units digit of j(0)?
8
Suppose 408 + 12 = 4*f - 2*z, -3*f + 313 = -2*z. What is the hundreds digit of f?
1
Suppose 5*q = -p + 29, -2*q - 10 = -4*q - 2*p. What is the units digit of ((-2)/1)/(q/(-24))?
8
Let h(d) = -d**3 - 2*d**2 + d - 1. Let y be h(-2). Let o = y - -20. What is the tens digit of o?
1
Let w(i) = -5*i + 8 + 4*i + 2*i. Suppose -2*m + 41 = -5*n, n - 4*m = 1 - 20. What is the units digit of w(n)?
1
Let j(m) = 5 + 0*m - 3 - m - 8. What is the units digit of j(-9)?
3
Let o(a) = -a**3 - 7*a**2 + 5*a - 9. Let z be o(-8). Let y = z + -11. What is the units digit of y?
4
Suppose 5*x - 3*j = 1006, 200 = x + 2*j - 3*j. What is the hundreds digit of x?
2
Let l be (7/(-5) - -1)*-30. Suppose 6*b - 3*b - l = 0. What is the units digit of b?
4
Suppose 0 = -u - 4*u - 2*d + 7, 0 = 2*u - 4*d + 2. What is the units digit of -3*u*(-2 + -6)?
4
Let y = -138 - -327. What is the units digit of y?
9
Let d(c) = -c**3 + 7*c**2 + 4*c. Let i be d(7). Suppose j - i = -3*j. Suppose 4*k = -5*a + 49, -j*k + a = -3*k - 19. What is the units digit of k?
6
Let v be (-3)/(-15) - (-24)/5. Suppose v*b = -11 + 71. What is the units digit of b?
2
Suppose -14 = 3*k - 0*k - 5*a, k - 5*a = -18. Suppose 5*h = 4*w - 6*w + 8, -k*w + 22 = -2*h. What is the units digit of w?
9
Suppose -60 - 46 = -b. What is the tens digit of b?
0
Let g(c) = 5*c - 2. Let s be g(5). Let t = s + -11. What is the tens digit of t?
1
Suppose 4 = c - 3*u, 2*c - 4 = c + 2*u. Suppose -21 - 103 = -c*a. What is the units digit of a?
1
Suppose -4*k = 2*m + 24, 21 = -5*k - 4*m - 15. Let j be (-4)/12*(1 + k). What is the units digit of j + (18/3)/3?
3
Suppose -5*h + 10*h - 80 = 5*g, -4*h + 84 = -5*g. Let f = -16 - g. What is the units digit of f?
4
Let o = -2 - 1. Let b be -1*(-3)/o + -2. What is the units digit of ((-5)/2)/(b/6)?
5
Suppose -20*o + 14*o + 222 = 0. What is the tens digit of o?
3
Let k = -1 - -8. What is the units digit of k?
7
Let m be 485/45 - 2/(-9). Let n = m - 0. What is the tens digit of n?
1
What is the hundreds digit of (-4*(-474)/8)/(6/4)?
1
Let y(c) = c**3 - 4*c**2 - c. Let m be y(4). Let t be (m/(-6))/(3/54). Suppose j = -2*o - o + t, 0 = -4*j + 5*o + 14. What is the units digit of j?
6
Suppose -2*i + i - 3*h + 17 = 0, 5*i - h = 165. Suppose 2*f - 4*y = -2*f + i, -5*f + 49 = -2*y. What is the units digit of f?
1
Let s(u) = u**3 - 15*u**2 + 16*u - 21. What is the units digit of s(14)?
7
Let m be 0 - (-2)/4*14. Suppose 0 = 2*l - m*l + 25. What is the units digit of l?
5
Suppose 0*a + 20 = -5*f - 3*a, 0 = a - 5. Suppose -2*t - 16 - 6 = 0. Let n = f - t. What is the units digit of n?
4
Suppose -a = -11 - 5. What is the units digit of a?
6
Suppose -2*h + 0*h + 36 = 0. What is the units digit of 150/h - 1/3?
8
Let g(r) = 2*r - 2. Let h be g(4). Let n(v) = -v**2 + 4*v + 1. Let x be n(3). Let z = h - x. What is the units digit of z?
2
Suppose 5*p + 3*f = -37, p + 3*f + 21 = -2*p. Let w(d) be the third derivative of d**5/60 + 3*d**4/8 + 11*d**3/6 - 2*d**2. What is the units digit of w(p)?
3
Let v(l) = l - 2*l - l. Let q be v(1). Let c = 6 + q. What is the units digit of c?
4
Let o = -119 + 198. What is the tens digit of o?
7
Let g(x) = x**2 + 10*x + 12. Let m be g(-8). What is the units digit of m/1 + 1 + 19?
6
Suppose 2*c - 19 = 59. What is the tens digit of c?
3
What is the tens digit of (7/3)/(5/120)?
5
Suppose 1346 = 25*i - 6179. What is the tens digit of i?
0
Let j(p) = -p**3 - 4*p**2 - 2*p - 3. Let y be j(-4). Suppose 4*h + 5*n - 8 + 0 = 0, -y*h + 10 = -n. What is the units digit of h